*k**2 + 5*k**2. What is the tens digit of s(r)?
1
Let y(b) = -b**2 - 10*b - 7. Let q be y(-8). Let v = q + 3. What is the units digit of v?
2
Let x(u) = 31*u**3 + u - 3. What is the tens digit of x(2)?
4
Suppose -4*p = -82 - 122. What is the tens digit of p?
5
Let a(j) = -j**3 - 13*j**2 - 11*j + 16. Let t be a(-12). Suppose -g + 40 = t*g. What is the units digit of g?
8
Let j = -7 + 41. What is the tens digit of j?
3
Suppose 4*o - 142 - 14 = 0. What is the tens digit of o?
3
Suppose -9*t + 12*t = -h + 1290, 0 = 3*h. What is the units digit of t?
0
Let a = 13 - -1. What is the tens digit of a?
1
Let s be (6/2 + -2)*5. Suppose b = 4, -3*b + b = s*f - 8. Suppose -3*r - 3*z = -f*z - 27, -z + 31 = 3*r. What is the tens digit of r?
1
Let o(u) be the first derivative of u**3/3 + 3*u**2 + u + 3. What is the units digit of o(-6)?
1
Let t(u) = -u**3 - 13*u**2 - u + 7. Suppose 0 = -0*s - 5*s - 60. Let i be t(s). What is the units digit of i/(-15) - 2/6?
8
Let x(d) = 0*d**2 + 3*d**2 - 4 - d**2. Let u be (-8 - -4)/4 - 2. What is the tens digit of x(u)?
1
Let s be 2/(-1 + 2) + -8. Let u = 14 - s. What is the tens digit of u?
2
Let j = -15 + 46. Suppose -u - j = -4*u + 5*y, y + 11 = u. What is the units digit of u?
2
Let m(l) = 8*l. Let y(q) = -q**3 - q**3 + 1 + q + q. Let d be y(-1). What is the units digit of m(d)?
8
Suppose -2*g = -g - s - 17, 0 = 5*g - 3*s - 79. What is the tens digit of g?
1
Let b = 339 - 240. What is the tens digit of b?
9
Let k be (-144)/(-14) + 4/(-14). Suppose -4*d + 4*l + 8 = 0, -2*l - 14 = 2*d - 6*d. Suppose -k = -w + d. What is the units digit of w?
5
Suppose o - 2*j - 3*j = 51, -o + 3*j + 49 = 0. What is the tens digit of o?
4
Let w = 95 - 67. What is the units digit of w?
8
Suppose -o - 8 = -5*o. Let w be (o/2)/(4 - 5). What is the units digit of 13 + (1 + w)/(-3)?
3
Suppose 5*d = -4*s - 97 + 38, 0 = -5*d + 4*s - 51. What is the units digit of (d + 2)/((-4)/8)?
8
Suppose 25 = 4*w + 5. Suppose w = x - i, x + 3*i + 3 = -4. Suppose 0 = x*q + 3*q - 10. What is the units digit of q?
2
Let a = 2106 - 1471. Suppose -225 = 5*i - a. Suppose 27 = -5*d + i. What is the tens digit of d?
1
Suppose o = -3*o + 60. Suppose -o = -4*n + f, 3*n = 7*n - 2*f - 14. What is the units digit of n?
4
Suppose 5*c = 4*l + 682 + 100, -145 = -c - 3*l. What is the tens digit of c?
5
Let f(b) = b**3 - 7*b**2 + 7*b - 7. What is the units digit of f(7)?
2
Let u(l) = l**2 + 3*l - 1. Let w be u(-3). What is the units digit of 6 + 1/w*-1?
7
What is the units digit of (-2)/6 + 120/9?
3
Let b be 704/9 - 10/45. Suppose -m - 2*m = -b. What is the tens digit of m?
2
Suppose 0 = -2*i - 8, a - 4*i + 9 = 54. What is the tens digit of a?
2
Let i = -9 + 23. Suppose -4*c + 12 + i = 2*r, 0 = -2*c + 8. What is the units digit of r?
5
Suppose -r + 22 = -4*r - 5*g, -5*g - 18 = 2*r. Let u = -2 - r. What is the units digit of (-94)/(-14) + u/7?
7
Let g = -1 - -1. Let a = g + 0. Suppose 11 = -3*z - 4*d, a = -3*z - 2*z - 4*d - 5. What is the units digit of z?
3
Let x be 1 + (6 + -2)*2. Suppose 0 = -5*d - 4*s + 55, -4*d + 46 + x = s. What is the tens digit of d?
1
Suppose 2*r - r + 35 = 0. What is the units digit of 4/(-14) + (-465)/r?
3
Let q = -73 - -132. What is the units digit of q?
9
Let i(k) = -k**2 + 6*k - 6. Let u be i(4). Suppose -3 = -f + u. What is the units digit of f?
5
Suppose 97 = h + 89. What is the units digit of h?
8
Suppose -4*f - 49 + 149 = 0. What is the tens digit of f?
2
Let d(i) = i + 14. Let z be ((-16)/(-5))/(4/(-20)). Let k = -27 - z. What is the units digit of d(k)?
3
Let b = -67 - -125. What is the tens digit of b?
5
Suppose -4*d - 20 = 0, 5*d + 12 = o - 21. What is the units digit of o?
8
Suppose -5*w + 316 + 34 = 0. Suppose 0 = 5*v - 2*l + 4*l - w, l = 4*v - 43. What is the units digit of v?
2
Let w(s) = -s**3 + 11*s**2 + 18*s - 17. What is the tens digit of w(12)?
5
Let l(b) = 5*b - 2. Let m(o) = -2*o - 8. Let s(u) = -u. Let p(f) = m(f) - s(f). Let a be p(-10). What is the units digit of l(a)?
8
Let b = 1 + 33. Suppose w - 2*q + 10 = 0, -5*w - 2*q + b = -10*w. What is the units digit of w/(-8) + (-34)/(-8)?
5
Suppose 0 = -2*s - 4*t + 26 + 4, -s = -t. Suppose 0 = -s*x + 5*d + 60, -x - 3*d - 22 = -3*x. What is the units digit of x?
4
Suppose -y + 1 = 2*k - 5, 30 = 4*y + 2*k. Suppose -22 = -5*r - z, -r = -0*r + 2*z - y. Suppose 48 = -0*a + r*a. What is the units digit of a?
2
Suppose -5*a - 3*q = 86, 4*a - q + 72 = -5*q. Let z = a - -28. What is the units digit of z?
2
Let y = 19 + -7. What is the tens digit of (-18)/((-3)/y*6)?
1
Let a(u) = -4*u**3 - u**2 - u + 2. What is the hundreds digit of a(-3)?
1
Let x(p) = -p**3 + 2*p + 220. What is the tens digit of x(0)?
2
Let d = -82 + 116. Suppose 0*r - 36 = -3*r. What is the units digit of d/r - 3/(-18)?
3
What is the units digit of ((-2)/3)/((-28)/966)?
3
Suppose -10*m + 8*m = -74. What is the tens digit of m?
3
Let x(g) = g**2 + 8*g + 7. Let j be x(-8). Suppose -2*l + j*l - 30 = 0. Suppose -d - q = -l*d + 16, 2*d - 3*q - 9 = 0. What is the units digit of d?
3
Let t be -3*(12/9 - 2). Let v = 1 - t. Let s = 8 - v. What is the units digit of s?
9
Suppose 166 = 4*q - 250. Suppose 36 - q = -4*h. What is the tens digit of h?
1
Let q(c) be the first derivative of 22*c**3/3 - c**2/2 + c - 2. Let d be q(1). Let a = d - 11. What is the units digit of a?
1
What is the units digit of (-6)/(-21) + (-1821)/(-21)?
7
Suppose 2*q - 4*q = -4. Suppose q*i = -g, -4*i + 10 = -2*g - g. Let l = g - -14. What is the units digit of l?
2
Let l = 3 - -1. Suppose 2*y = 3*s + 73, y = l*s + 5*y + 124. Let c = s - -48. What is the units digit of c?
1
Let f(w) = -2*w - 5. Let r = -29 + 20. What is the tens digit of f(r)?
1
Let i(a) = -a**3 + a**2 + 5*a - 5. What is the units digit of i(-4)?
5
Let s(u) = u - 1. Let b be s(10). What is the units digit of -1 - b*-2 - 2?
5
Suppose 5*c = c + g - 13, 5*g = c + 8. What is the units digit of 19 - (5 + c + 0)?
7
Let k(n) = -n**3 + 2*n**2 + 3 + 2*n**3 - 3*n + 0. Suppose 0 = -3*v + q - 7, -2*q - 13 = v + 3*q. What is the units digit of k(v)?
3
Suppose 2*y + 41 = -19. What is the units digit of ((-6)/(-9))/((-1)/y)?
0
Let j(c) = -c**2 + 16*c - 4. What is the tens digit of j(13)?
3
Let v = -17 - -29. Let q(b) = 2*b - 4. Let p be q(4). Suppose 4*a = -k + 4*k - 22, -5*a = p*k + v. What is the units digit of k?
2
What is the tens digit of (-6)/(-15) + (-1119)/(-15)?
7
Suppose -6*t + a = -t - 211, 2*t - 2*a = 78. Let o = t + -25. Suppose 4*q = -c + o, -1 - 7 = -4*c. What is the units digit of q?
4
Suppose -4 = -25*o + 27*o. Let x(z) = z + 1 - 4*z + 0*z. What is the units digit of x(o)?
7
Suppose -w + 2 = -2. Let d = w + -3. What is the units digit of d?
1
Let w = 388 - 223. What is the units digit of 2/(-8) + w/20?
8
Let v be (1 + 1)/(6/9). Let m = 9 + -7. Suppose -2*n - 38 = -t - v*t, 3*n = -m*t + 23. What is the tens digit of t?
1
Let s(b) = -b + 8. Let n be s(6). Suppose 4*f = -5*k + n*k - 33, -k = -5*f - 65. What is the units digit of f/(-15)*30/4?
6
Suppose -3*o + 13 = -2*o + r, 0 = 2*o + 3*r - 23. Suppose y + 0*d - 3*d = 10, 0 = 5*y - 5*d. Let g = y + o. What is the tens digit of g?
1
Let o = -49 - -87. What is the units digit of o?
8
Suppose d - 8 = -d. Suppose -56 = -3*p - 2*j, -j + 20 = 2*p - d*j. What is the units digit of p?
6
Let n = 22 + 38. What is the tens digit of n?
6
Suppose j + 108 = 2*t, -t - 5*j - 280 = -6*t. What is the tens digit of t?
5
Let h = -4 - -7. Let t be (h - 2)/(-2 + 1). What is the units digit of ((-30)/(-4))/t*-2?
5
Let w(v) = 1 - 2 + 3*v + 4*v**2 + 1. What is the tens digit of w(-2)?
1
Let r(z) = -2*z + 1. Let x be r(5). Suppose -3*b = -4*b. What is the units digit of (1 + b)*(0 - x)?
9
Let u be (-28)/10*(-15)/6. Suppose -2*k = -u*k - 25. Let h(p) = p**3 + 4*p**2 - 7*p - 6. What is the units digit of h(k)?
4
Let b = 241 + -116. What is the units digit of b?
5
Let m(h) = 125*h**2 - 1. What is the units digit of m(1)?
4
What is the units digit of (-2 + 3)*2 - (-7 - -2)?
7
What is the tens digit of -15*(1 - 20/12)?
1
Suppose -16 = -3*h - 0*h + 2*m, 0 = -5*h - m + 31. Suppose h*n - 4*n - 32 = 0. What is the units digit of n?
6
Suppose -73 = -4*a - 5. Let p = a - -9. What is the tens digit of p?
2
What is the tens digit of (-10)/(((-2)/(-1*34))/(-1))?
7
Suppose -5*y = -